ive of i**6/120 + i**5/10 + i**4/8 + i**3/3 - 13*i**2. Determine o(-5).
12
Let l(b) = -1 + 3 - 2 + b. Suppose 29 = 4*a + 9, -3*a + 11 = -4*q. Calculate l(q).
1
Let q be (0 + 2)*14/4. Let l(w) = -2*w + 11. Let a(t) = -1. Let z(b) = -4*a(b) - l(b). Determine z(q).
7
Let v be (5 - 1)/((-16)/(-12)). Let n(y) = -y**2 + 5*y - 4. Determine n(v).
2
Let c(v) be the second derivative of v**5/20 - v**4/12 + v**3/6 - v**2 + 9*v. Calculate c(0).
-2
Suppose -5*r + 0*r = -5. Let m(v) = 6*v**2 - r - 13*v**3 - 5*v**2 + 5*v**3. Let h = 1 + 0. Determine m(h).
-8
Let w(z) = -z**2 + 4*z + 8. Let v be w(6). Let s(d) = 2*d - 2. Let x(k) = 4*k - 5*k + 0*k + 1. Let o(l) = s(l) + 3*x(l). Calculate o(v).
5
Let y(u) be the first derivative of -u**3/3 - 4*u**2 + 8*u - 1. Let l be y(-9). Let z(v) = 3*v**3 + 1. Calculate z(l).
-2
Let k(x) = x**3 + 4*x**2 + x. Let g(h) = 5*h**3 + h**2. Let s be g(1). Let b = s - 9. Calculate k(b).
6
Suppose 0*d = 4*d + 16. Let g(i) be the second derivative of -1/3*i**3 - 5/12*i**4 + 2*i - 1/20*i**5 + 0 + 0*i**2. Determine g(d).
-8
Let d(q) = 7*q**2 - 8*q + 10. Let k(c) = 15*c**2 - 17*c + 21. Let w(b) = 13*d(b) - 6*k(b). Calculate w(3).
7
Let t(n) = -n + 3. Let v(p) be the second derivative of p**4/12 - 2*p**2 - 3*p. Let j be v(0). What is t(j)?
7
Let f(w) = -8*w - 5. Let s(p) = -p**3 - 8*p**2 - p - 2. Let k be s(-8). Let v(n) = 7*n + 5. Let c(x) = k*v(x) + 5*f(x). Give c(-5).
-5
Let f(a) = a**3 + 2*a**2 + a. Let y(r) = r**2 - 9*r + 18. Let z be y(5). Give f(z).
-2
Suppose 2*g = -0*g + 6. Let j(k) = -k + 6*k**2 + g + 1 - 5. Let u be 4/(-24) - 5/6. What is j(u)?
6
Let a(m) = 2*m + 1. Let q(n) = -n. Let w(k) = a(k) + 3*q(k). What is w(7)?
-6
Let r be 2/(-28)*-4*21/36. Let x(c) be the second derivative of r*c**3 + 2*c - 3/2*c**2 + 0. Give x(-5).
-8
Let w(f) = 3*f + 8. Let r be w(-2). Let j(m) = m**2 - 3*m + 2. What is j(r)?
0
Suppose -q + 6*q - 10 = 0, q = f + 11. Let l(b) = -b**3 - 10*b**2 - 11*b - 11. Calculate l(f).
7
Let h = -2 + 1. Suppose 2*y - 4 = -2*y. Let l(a) = -4*a**2 - y + a**2 - a**2. Determine l(h).
-5
Let k be ((-8)/(-6) - 7/21) + 0. Let w(u) = 17*u**3 + u**2. What is w(k)?
18
Let y be 2/6*6/1. Let k(b) = -2*b**y + b**3 + 5*b**2 - 17*b + 14*b + 3. Give k(-4).
-1
Let k(i) = i**2 - 3*i - 3. Let m(u) = -u**3 - u**2 - u. Let t be m(-1). Let p be t + (-1 - (3 - 5)). Let d = 1 + p. Calculate k(d).
-3
Let w(f) = 7*f**3 + 11*f**2 - 3*f - 2. Let o(c) = -4*c**3 - 6*c**2 + 2*c + 1. Let a(d) = 5*o(d) + 3*w(d). Give a(-3).
-4
Let n(l) be the third derivative of l**6/360 + l**5/60 + l**4/24 + l**3/2 - 3*l**2. Let y(i) be the first derivative of n(i). Give y(-1).
0
Let j(s) = 2*s + 7 - 2 - s. Suppose -2*x = 5*g - 0*x + 34, x = -g - 8. What is j(g)?
-1
Let m(t) = t - 21. Let c be m(17). Let n(a) = a**3 + 3*a**2 - a + 3. Calculate n(c).
-9
Let j(k) = -k - 2. Let a(m) = -11*m**3 + 3*m + 2. Let d be a(-1). Let q be (3/(6/d))/(-1). Give j(q).
3
Let t(k) = 0 - 5*k**2 - 2 + k + 0*k + 1. Calculate t(1).
-5
Let q be (1 - 5)/(-12 + 10). Let y(p) = 2*p**2 - 2*p + 1. What is y(q)?
5
Let m(d) be the third derivative of -d**4/24 - d**3/3 - 7*d**2. Give m(-3).
1
Let a(h) = h**3 - 6*h**2 - 8*h + 9. Let o = 52 + -45. Determine a(o).
2
Let v(g) = -8 + 2*g + g**2 + 0 + 11 + g**2. Determine v(-3).
15
Let j(p) = 4*p + 2. Suppose -2*n + 8 + 0 = 0. Suppose -n*i + 0*i = 12. Calculate j(i).
-10
Let a(r) = r**3 + 4*r**2 + 2*r. Let w = 1 - -6. Let h(f) = f**3 - 6*f**2 - 8*f + 3. Let d be h(w). Determine a(d).
-8
Suppose -2*h - 3*h = -15. Let s(v) = -5 - 9*v**2 - 2*v**3 - 9*v + 2 + 9*v**3. Let y(x) = -6*x**3 + 8*x**2 + 8*x + 2. Let f(i) = 5*s(i) + 6*y(i). Calculate f(h).
6
Let n = 20 + -18. Let u(o) = 13*o**2 - 16*o - 1. Let d(y) = -4*y**2 + 5*y. Let a(z) = -7*d(z) - 2*u(z). Give a(n).
4
Let x be 0/(4/12*-3). Let s(z) = 10*z**3 + 10*z - 25. Let k(l) = 7*l**3 + 7*l - 17. Let i(b) = 7*k(b) - 5*s(b). Calculate i(x).
6
Let c(t) be the second derivative of 0 - 1/3*t**4 - 1/20*t**5 - 1/3*t**3 + 0*t**2 - t. Let s(u) = u - 3. Let v be s(0). Calculate c(v).
-3
Let v(d) = -109*d**2 + 3*d + 58*d**2 + 4 + 52*d**2. Suppose -4*f + t - 6 = -t, -f + 3 = -2*t. Give v(f).
4
Suppose -2*i = -4*m - 6, 3*i - 2 + 8 = m. Let q(s) = -s**3 - 5*s**2 - 2*s + 4. What is q(i)?
-8
Let f(r) = -r + 8. Let m(c) = c**3 + 9*c**2 - 10*c - 2. Let z be m(-10). Suppose 0 = 2*t + 4*w - 28, 0 = -0*t - 4*t + 5*w + 4. Let d = z + t. What is f(d)?
4
Let z be (5/3)/((-2)/(-6)). Let y(s) = -s**3 + s**2 - 1. Let h(a) = a**3 + 2*a**2 + 5*a + 2. Let v(k) = h(k) + 2*y(k). Give v(z).
0
Let d = -42 - -45. Let x(c) = -3*c + 4. What is x(d)?
-5
Let k(v) be the second derivative of -v**3/2 + 21*v. Let g = -3 + 2. Calculate k(g).
3
Let h be (9/(-4))/((-9)/24). Let r(p) = p**2 - 4*p - 4. Calculate r(h).
8
Let s(n) = n + 4. Suppose x - 5*u + 43 = -x, 0 = 5*x + 3*u + 30. Determine s(x).
-5
Suppose -24 = 3*h - 3*j, 0 = -3*h - j - 4*j + 8. Let u be h/(-3)*12/8. Let p(f) = 2*f + 2. What is p(u)?
6
Let a(k) be the third derivative of k**6/720 - 7*k**5/120 + k**4/6 + 3*k**2. Let n(r) be the second derivative of a(r). Give n(5).
-2
Let t(m) = m**3 - 4*m**2 + 2*m + 3. Let b = -23 - -12. Let g = b - -14. Determine t(g).
0
Let t(x) = x - 2 + 2 + x**2. Let b(p) = -p**2 - 1 - 27*p + 2*p**2 + 30*p. Let k(u) = -b(u) + 2*t(u). What is k(1)?
1
Let p be ((-5)/((-50)/45))/((-9)/(-6)). Let u(l) = -2*l**2 - 6 + l**2 + 3*l + 3. What is u(p)?
-3
Let l(y) = -3*y**2 - 1 + 2 + 2*y - 1. Determine l(2).
-8
Suppose -4*d = b + 7, b - 5*d = 35 - 6. Let i be ((-44)/(-33))/((-2)/b). Let h(c) = c**3 + 5*c**2 - 6*c + 6. What is h(i)?
6
Let x = 32 + -40. Let o(t) = -t**2 - 9*t - 7. What is o(x)?
1
Suppose -2*x + 7*x - 30 = 0. Let m(a) = 5*a**3 - a**2 - 3*a + 9. Let r(c) = 9*c**3 - 3*c**2 - 7*c + 17. Let o(t) = -7*m(t) + 4*r(t). Calculate o(x).
-1
Let w(o) = 479 - o - 479. Calculate w(-3).
3
Let k(t) = -t**2 - t + 4. Let g be (-95)/25 - (-4)/5. Determine k(g).
-2
Let d(x) be the second derivative of x**5/20 - x**4/12 - x**3/6 - 9*x**2/2 + 6*x. Determine d(0).
-9
Let o(g) = -6*g**3 - 4*g**2 - 4*g + 23. Let f(h) = 7*h**3 + 5*h**2 + 5*h - 24. Let t(r) = 5*f(r) + 6*o(r). Determine t(0).
18
Let f(g) = 1 + 2*g**2 - 2*g**2 - g**3 + g - 2*g**2 + 0*g**3. Give f(-3).
7
Suppose 3*u = -5*n + 6, -2*u + 6*n + 4 = 2*n. Suppose 7 = -u*z - 1. Let q(g) be the third derivative of g**4/24 + 5*g**3/6 - g**2. Give q(z).
1
Suppose -20 = -v - 5*g, 2*v + 0*v + 4*g = 22. Let w(f) = 3 - 4 - 2 - v*f**2 + f**3 + 3*f. Determine w(4).
-7
Let b(s) be the second derivative of 0 - 4*s + 0*s**2 + 1/3*s**3 + 1/12*s**4. Give b(-4).
8
Let a(i) = i**2 + i - 2. Let n be a(-3). Let w(j) = 0*j**2 + n - 3*j**3 + j - 4*j**2 + 4*j**3. Let v = -3 - -6. Calculate w(v).
-2
Let j = -4 - -15. Let u = -7 + j. Let i(t) = 4*t - 5. Let r(n) = -9*n + 11. Let m(l) = 7*i(l) + 3*r(l). Determine m(u).
2
Let z(y) = -194*y**2 + 99*y**2 + 3 + 97*y**2 - 5*y. Let m = 1 - -2. What is z(m)?
6
Let d(k) = -3 + 2*k**3 + 9 - 3*k**3 + 6*k**2 - 5*k. Let l = -340 - -345. Determine d(l).
6
Let z(s) = 2*s + 1. Suppose -3 - 1 = -2*n. Let g(j) = -7*j + n*j + 2 - 3. Let b be g(-1). Give z(b).
9
Let r(i) be the second derivative of -5*i**3/6 + i**2/2 - 24*i - 2. What is r(4)?
-19
Let c(j) = j**2 - 5*j + 2. Suppose 7 = -3*r + 5*t, -9 = -5*r + 2*t + 11. Let f = -3 + r. Give c(f).
-4
Let k(r) = 2*r**2 + 4*r. Suppose 4*y - 10 = 2*y. Let w be 6*(-2 + y/2). Suppose 5*b = 5*g, 2*b - g = w*b + 6. Give k(b).
6
Suppose -5*b - 5*o = 15, 9 - 33 = -2*b + 4*o. Let i(w) be the third derivative of w**b + 5/6*w**3 + 0*w + 1/4*w**4 + 1/60*w**5 + 0. Give i(-4).
-3
Let c(w) = -w**2 - 6*w + 36. Let l be c(4). Let d(o) = -o**2 - 4*o + 3. Calculate d(l).
3
Let w(s) = s**2 - s + 2. Suppose 2*x = -3*x + 2*r + 60, 0 = -x + 2*r + 20. Suppose -4*f + 3*l - 1 = 0, -f = 3*l - 7*l + x. Calculate w(f).
4
Let u(y) be the first derivative of -y**4/12 - 5*y**3/6 + 7*y**2/2 - 3*y - 1. Let t(r) be the first derivative of u(r). What is t(-6)?
1
Let j(u) = u - 1. Let v(m) = 4*m + 34. Let o be v(-10). Give j(o).
-7
Suppose -2*b + 2*k + 18 = 0, 2*k + 2*k - 24 = -2*b. Let v(a) = 5*a - a**2 - 5 + 1 - b*a. Calculate v(-5).
-4
Let l(z) = 2 + 123*z - 124*z - 2. What is l(-6)?
6
Let t(n) = n**3 - 5*n**2 - 4*n - 7. Let z = -6 - -12. Determine t(z).
5
Let h = 18 + 2. Suppose 0*z + 4*w + 